culate the greatest common factor of 20 and s.
10
Let s(q) = q**3 + q**2 + q + 5. Let r be s(3). Let y be 4/(4/(-3)) - -1. Let x be (y/4)/((-1)/220). What is the highest common divisor of x and r?
22
Let n = 789 + -768. Let s be 2 + 2/((-2)/(-229)). Calculate the highest common factor of n and s.
21
Suppose -3*k + 12 = 0, -k + 1 = -3*s + 12. Let h(r) = 28*r - 16. Let g be h(s). What is the greatest common factor of g and 31?
31
Suppose 9*w = 6*w + 303. Suppose -5*p + w + 979 = 0. Calculate the highest common divisor of 24 and p.
24
Suppose 4*u + 117 = 300*h - 299*h, 0 = -2*h - u + 243. Suppose -3*p + 51 = 2*i + 16, -5*i = 5*p - 60. Calculate the greatest common factor of p and h.
11
Let w = 7 - 1. Suppose -4*j - 3*t = -10 - 11, j - 24 = 3*t. What is the highest common divisor of j and w?
3
Let u(z) = -z**3 - 2*z**2 + z + 188. Let w be u(0). What is the highest common factor of w and 141?
47
Suppose 17 = m - v + 6*v, m - v + 1 = 0. Let b(k) = -k**2 - 9*k + 2. Let u be b(-8). Calculate the highest common factor of u and m.
2
Let m = -7 + 9. Suppose g = 4, 2*d + 4*g - 6*g = 20. What is the greatest common factor of m and d?
2
Let t = 32 - 12. Let w(i) = -i. Let l(m) = 208*m + 2. Let k(q) = l(q) - 10*w(q). Let j be k(1). Calculate the highest common factor of t and j.
20
Suppose d + m - 443 = 0, -8*d = -7*d + 5*m - 439. Calculate the highest common factor of d and 36.
12
Suppose -86*t - 90 = -101*t. What is the highest common factor of 171 and t?
3
Let b be (1 + 0)*(-7 - 32). Let f = b - -62. What is the greatest common divisor of 23 and f?
23
Let g = 640 + -638. Calculate the greatest common divisor of g and 18.
2
Let k = 1748 + -1742. Calculate the greatest common divisor of k and 74.
2
Let h(z) = -z**2 - 10*z - 16. Let d be h(-8). Suppose -4*y = -d*y - 8. What is the highest common divisor of y and 22?
2
Let c(o) = 2*o**2 - 7*o - 8. Let z be c(4). Let i be ((-1)/(-1))/(z/(-52)). Let k = i + -11. Calculate the greatest common divisor of k and 16.
2
Let h = -99 - -337. Suppose -u - 3 = 0, -14*y - 4*u = -16*y + 46. What is the highest common divisor of y and h?
17
Let x = -3 + 7. Suppose 4*p - 26 = -4*v - 6, 5*v - x*p - 61 = 0. Suppose 4*o = v*o - 150. Calculate the highest common divisor of 30 and o.
30
Let o(v) = -9*v - 36. Let q be o(-4). Suppose q = 10*g - 15*g + 280. What is the greatest common divisor of g and 8?
8
Suppose 297 - 7 = -2*c - 2*v, 4*c + 2*v = -582. Let w = 250 + c. What is the greatest common divisor of w and 13?
13
Let g = -4 - 23. Let k = -14 - g. Let b(v) = -13*v**3 + v**2 + 4*v + 3. Let j be b(-1). Calculate the greatest common factor of j and k.
13
Let w(b) = 3*b**3 - 7*b + 11*b - 5*b**2 - b**3 - 5. Let d be w(3). What is the greatest common factor of 4 and d?
4
Let a(j) = 2*j**3 + 14*j**2 + 3*j + 51. Let c be a(-7). Calculate the greatest common divisor of c and 630.
30
Let b = 244 - 134. Suppose 9*a - 125 - 176 = -103. Calculate the greatest common factor of a and b.
22
Let c = -14 + 55. Suppose -1 = -m + c. Calculate the highest common divisor of 105 and m.
21
Let w = -18874 + 19109. Let o be 378/8 + (-1)/4. What is the greatest common factor of o and w?
47
Suppose -4*q + 63 - 43 = 0. Suppose q*w - d - d = 768, -3*w - 3*d + 465 = 0. Calculate the greatest common divisor of 14 and w.
14
Suppose 1541 = 35*y - 559. What is the greatest common divisor of y and 1420?
20
Let f(u) = 0*u**2 + 33 - u**2 - 2*u**2 + 2*u**2. Let i be f(0). Calculate the greatest common factor of i and 3.
3
Let g be ((-4)/5)/(1/(-10)). Let l = -48 - -56. What is the highest common factor of l and g?
8
Let b(q) = -2*q**2 + 3*q + 20. Let o be b(0). Suppose -y + o = y. Suppose 0 = 3*d - 48 - 42. Calculate the greatest common divisor of y and d.
10
Let c = -15 - -23. Suppose -59*a + 58*a + 64 = 0. What is the greatest common divisor of c and a?
8
Suppose -o = 4*c - 60, 38 + 6 = 2*c + 4*o. Calculate the greatest common divisor of 1106 and c.
14
Let k be ((-8)/(-18))/(6/27) + 130. What is the greatest common factor of 60 and k?
12
Suppose 4*b - 8 = -4. Let y be b/9*3*171. Calculate the greatest common factor of y and 19.
19
Let r(p) = -13*p - 320. Let h be r(-31). What is the greatest common divisor of 332 and h?
83
Let o = 95 + -96. Let z be (((-3)/o)/1)/(6/220). Calculate the highest common divisor of 11 and z.
11
Suppose -3*j - 499 = -2*r, -8*j + 3*j + 739 = 3*r. Calculate the greatest common divisor of r and 186.
62
Let o = 65 + 485. What is the highest common factor of 22 and o?
22
Let u = 143 + 15. Suppose -7*f = -u - 3. What is the greatest common divisor of f and 69?
23
Suppose 11 = -a + 13. Calculate the highest common divisor of a and 8.
2
Let o(q) = -21*q + 126. Let v be o(5). What is the highest common factor of 147 and v?
21
Suppose 7*k - 465 = 4*k. Suppose 5 = n, -54 = -4*t - 5*n + k. What is the greatest common divisor of t and 115?
23
Suppose 5*u = -0*u + 20. Let k be (-114)/(-4) - (-2)/u. Calculate the highest common divisor of k and 29.
29
Suppose 4*r + 27*x - 1656 = 25*x, 4*x - 1656 = -4*r. What is the greatest common factor of 92 and r?
46
Let t be (384 - 4) + (0 - 2). Suppose -10*l + 7*l = -t. Calculate the highest common divisor of l and 14.
14
Suppose 21*y - 13*y - 704 = 0. What is the greatest common factor of y and 66?
22
Suppose -3224 = -8*c + 472. What is the highest common divisor of c and 66?
66
Suppose 20*w - 37*w + 374 = 0. Calculate the highest common factor of w and 33.
11
Suppose 2*c - 4*u - 36 = 0, c - 4*c = 2*u - 86. Let f = 0 + -13. Let y = c + f. Calculate the greatest common divisor of 143 and y.
13
Let d = 1227 - 1221. Calculate the greatest common factor of 34 and d.
2
Let x(f) = -262 + 224 + 28*f - f**2 + 3*f**2. Let k be x(-16). Calculate the greatest common factor of k and 26.
26
Suppose 0 = -5*n + 76 + 4. Let r be (-210 - -204) + (-76)/(-2). Calculate the greatest common factor of n and r.
16
Let q be (-5 - (0 - 10)) + 0 - -34. What is the greatest common divisor of q and 6?
3
Suppose 3 = y - 0, -5*g = 5*y - 220. Suppose g = 5*o - 89. Calculate the greatest common factor of o and 65.
13
Let w be 4/10 - (-207)/45. Suppose 4*z - w*l = -l - 64, 4*l = -2*z - 2. Let q be (z/3 + -1)*-18. What is the greatest common divisor of 21 and q?
21
Let m be 4*(1 + 2/8). Suppose 2*b - 2*v + v = 341, -5*b - m*v + 860 = 0. What is the greatest common factor of 9 and b?
9
Let j(p) = -p - 61. Let q be j(-19). Let t = 66 + q. Let g be (-440)/(-28) - (-4)/14. What is the highest common factor of t and g?
8
Suppose -l = 2*k - 2, 6*l = 4*l - k + 4. Let n be 24/((l/6)/(4/12)). Calculate the greatest common divisor of n and 48.
24
Let c(v) = -30*v**3 + v**2 + 2*v + 1. Let r be c(-1). Let t(f) = 11 - f + f**3 - 6*f**2 - 5*f - 8. Let g be t(7). What is the highest common divisor of r and g?
10
Let l be (21/(-4))/(7 - (-203)/(-28)). Calculate the greatest common factor of l and 56.
7
Suppose 2*u - 56 = -2*u. Let p(i) = -i + 1. Let v(f) = 14*f + 6. Let a(o) = -4*p(o) + v(o). Let b be a(3). What is the greatest common divisor of b and u?
14
Let c = 46 + 361. What is the highest common divisor of 44 and c?
11
Let c(u) = -u**2 - 8*u + 96. Let n be c(-14). Calculate the highest common factor of n and 156.
12
Let y be ((-3306)/(-18) - 4)/(4/12). Calculate the greatest common factor of 11 and y.
11
Let d be 2097/15 + (-3)/(-15). Suppose -z + d = z. Suppose -91 - 49 = -5*m. What is the greatest common factor of z and m?
14
Let x be (-3)/(2*(-9)/30). Suppose -4*q - 3*d = -15, -d + x = -5*q + 19. Calculate the highest common factor of q and 2.
1
Let c = 25 - 21. Suppose 55 = c*h - 73. Calculate the greatest common factor of 8 and h.
8
Let y = 19 - 18. Let g be y/3 - (-88)/6. What is the greatest common factor of 75 and g?
15
Suppose -2*w + 8 = -14. Let u(h) = -10 + h**2 - 3*h**2 + w - h - h**3. Let c be u(-2). Calculate the highest common divisor of c and 6.
3
Let a(w) = -w**3 - 6*w**2 - 5*w + 9. Let g be a(-5). Let q be 8/14 + (-177)/(-21). What is the highest common divisor of g and q?
9
Let l be ((-18)/10)/((-48)/160). Let p(m) = m**2 - 9*m + 26. Let h be p(l). What is the greatest common divisor of h and 1?
1
Let l(x) = -7*x + 1. Let g be l(-1). Let p be 3/((-26)/128 - (-9)/36). Calculate the greatest common factor of g and p.
8
Suppose 0 = 